{"id":13922,"date":"2021-12-17T13:44:23","date_gmt":"2021-12-17T12:44:23","guid":{"rendered":"https:\/\/ibernex.es\/?post_type=casos-de-exito&#038;p=13922"},"modified":"2021-12-17T13:44:23","modified_gmt":"2021-12-17T12:44:23","slug":"localizacao-em-interiores-para-proteger-os-trabalhadores-em-situacoes-de-risco","status":"publish","type":"casos-de-exito","link":"https:\/\/ibernex.es\/en\/casos-de-exito\/localizacao-em-interiores-para-proteger-os-trabalhadores-em-situacoes-de-risco\/","title":{"rendered":"Localiza\u00e7\u00e3o em interiores para proteger os trabalhadores em situa\u00e7\u00f5es de risco."},"content":{"rendered":"\n<p>Uma Cl\u00ednica Psiqui\u00e1trica de Pamplona, centro privado sem fins de lucro ligado ao atendimento de doentes mentais.<\/p>\n\n\n\n<p><strong>Necessidade:<\/strong><\/p>\n\n\n\n<p>Determinadas doen\u00e7as mentais podem derivar em&nbsp;<strong>epis\u00f3dios de agressividade dos<\/strong>&nbsp;doentes para com o pessoal de sa\u00fade, sobretudo durante o turno da noite, momento em que aumenta o risco ao reduzirem-se as condi\u00e7\u00f5es de atendimento do pessoal.<\/p>\n\n\n\n<p>Face a estas poss\u00edveis situa\u00e7\u00f5es, a pessoa que est\u00e1 em perigo precisa de poder avisar os seus colegas do ocorrido para que possam vir em sua ajuda.<\/p>\n\n\n\n<p>A Dire\u00e7\u00e3o do centro, consciente dessas circunst\u00e2ncias, marcou como objetivo&nbsp;<strong>garantir a seguran\u00e7a do pessoal assistencial,&nbsp;<\/strong>especialmente na unidade de hospitaliza\u00e7\u00e3o de agudos da \u00e1rea de Psiquiatria.<\/p>\n\n\n\n<p><strong>Solu\u00e7\u00e3o:<\/strong><\/p>\n\n\n\n<p>Com o sistema de Localiza\u00e7\u00e3o em interiores desenvolvido pela Ibernex cada trabalhador leva um&nbsp;<strong>tag pendurado<\/strong>&nbsp;para, em caso de sofrer um tentativa de agress\u00e3o, premir o bot\u00e3o e automaticamente&nbsp;<strong>produzir um alarme.<\/strong>&nbsp;Este alarme chega tanto a computadores como telem\u00f3veis do resto dos colegas, indicando a&nbsp;<strong>posi\u00e7\u00e3o exata<\/strong>&nbsp;no edif\u00edcio da pessoa que precisa de ajuda.<\/p>\n\n\n\n<p>O sistema \u00e9 poss\u00edvel gra\u00e7as \u00e0 instala\u00e7\u00e3o de uma<strong>&nbsp;rede de antenas&nbsp;<\/strong>distribu\u00eddas estrategicamente por todo o edif\u00edcio que permitem a&nbsp;<strong>localiza\u00e7\u00e3o do pessoal.<\/strong><\/p>\n\n\n\n<p>Os benef\u00edcios do sistema de localiza\u00e7\u00e3o em interiores s\u00e3o:<\/p>\n\n\n\n<div class=\"wp-block-columns is-layout-flex wp-container-core-columns-is-layout-9d6595d7 wp-block-columns-is-layout-flex\">\n<div class=\"wp-block-column is-layout-flow wp-block-column-is-layout-flow\">\n<ul class=\"wp-block-list\"><li>Aumenta significativamente o n\u00edvel de seguran\u00e7a do pessoal<\/li><\/ul>\n<\/div>\n\n\n\n<div class=\"wp-block-column is-layout-flow wp-block-column-is-layout-flow\">\n<ul class=\"wp-block-list\"><li>Garante, por sua vez, a seguran\u00e7a dos pr\u00f3prios doentes, ao evitar, muitas vezes, os epis\u00f3dios de agressividade antes de ocorrerem.<\/li><\/ul>\n<\/div>\n<\/div>\n\n\n\n<div class=\"wp-block-columns is-layout-flex wp-container-core-columns-is-layout-9d6595d7 wp-block-columns-is-layout-flex\">\n<div class=\"wp-block-column is-layout-flow wp-block-column-is-layout-flow\">\n<ul class=\"wp-block-list\"><li>Reduz a perce\u00e7\u00e3o de risco no trabalho.<\/li><\/ul>\n<\/div>\n\n\n\n<div class=\"wp-block-column is-layout-flow wp-block-column-is-layout-flow\">\n<ul class=\"wp-block-list\"><li>Evita\u00e7\u00e3o de medidas mais severas, como a conten\u00e7\u00e3o do doente.<\/li><\/ul>\n<\/div>\n<\/div>\n","protected":false},"excerpt":{"rendered":"<p>Uma Cl\u00ednica Psiqui\u00e1trica de Pamplona, centro privado sem fins de lucro ligado ao atendimento de doentes mentais. Necessidade: Determinadas doen\u00e7as mentais podem derivar em&nbsp;epis\u00f3dios de agressividade dos&nbsp;doentes para com o pessoal de sa\u00fade, sobretudo durante o turno da noite, momento em que aumenta o risco ao reduzirem-se as condi\u00e7\u00f5es de atendimento do pessoal. Face a &#8230; <a title=\"Localiza\u00e7\u00e3o em interiores para proteger os trabalhadores em situa\u00e7\u00f5es de risco.\" class=\"read-more\" href=\"https:\/\/ibernex.es\/en\/casos-de-exito\/localizacao-em-interiores-para-proteger-os-trabalhadores-em-situacoes-de-risco\/\" aria-label=\"Read more about Localiza\u00e7\u00e3o em interiores para proteger os trabalhadores em situa\u00e7\u00f5es de risco.\">Read more<\/a><\/p>\n","protected":false},"featured_media":13937,"template":"","meta":[],"categories":[],"class_list":["post-13922","casos-de-exito","type-casos-de-exito","status-publish","has-post-thumbnail","hentry"],"_links":{"self":[{"href":"https:\/\/ibernex.es\/en\/wp-json\/wp\/v2\/casos-de-exito\/13922","targetHints":{"allow":["GET"]}}],"collection":[{"href":"https:\/\/ibernex.es\/en\/wp-json\/wp\/v2\/casos-de-exito"}],"about":[{"href":"https:\/\/ibernex.es\/en\/wp-json\/wp\/v2\/types\/casos-de-exito"}],"wp:featuredmedia":[{"embeddable":true,"href":"https:\/\/ibernex.es\/en\/wp-json\/wp\/v2\/media\/13937"}],"wp:attachment":[{"href":"https:\/\/ibernex.es\/en\/wp-json\/wp\/v2\/media?parent=13922"}],"wp:term":[{"taxonomy":"category","embeddable":true,"href":"https:\/\/ibernex.es\/en\/wp-json\/wp\/v2\/categories?post=13922"}],"curies":[{"name":"wp","href":"https:\/\/api.w.org\/{rel}","templated":true}]}}

Localização em interiores para proteger os trabalhadores em situações de risco.

<p>Uma Clínica Psiquiátrica de Pamplona, centro privado sem fins de lucro ligado ao atendimento de doentes mentais.</p>



<p><strong>Necessidade:</strong></p>



<p>Determinadas doenças mentais podem derivar em&nbsp;<strong>episódios de agressividade dos</strong>&nbsp;doentes para com o pessoal de saúde, sobretudo durante o turno da noite, momento em que aumenta o risco ao reduzirem-se as condições de atendimento do pessoal.</p>



<p>Face a estas possíveis situações, a pessoa que está em perigo precisa de poder avisar os seus colegas do ocorrido para que possam vir em sua ajuda.</p>



<p>A Direção do centro, consciente dessas circunstâncias, marcou como objetivo&nbsp;<strong>garantir a segurança do pessoal assistencial,&nbsp;</strong>especialmente na unidade de hospitalização de agudos da área de Psiquiatria.</p>



<p><strong>Solução:</strong></p>



<p>Com o sistema de Localização em interiores desenvolvido pela Ibernex cada trabalhador leva um&nbsp;<strong>tag pendurado</strong>&nbsp;para, em caso de sofrer um tentativa de agressão, premir o botão e automaticamente&nbsp;<strong>produzir um alarme.</strong>&nbsp;Este alarme chega tanto a computadores como telemóveis do resto dos colegas, indicando a&nbsp;<strong>posição exata</strong>&nbsp;no edifício da pessoa que precisa de ajuda.</p>



<p>O sistema é possível graças à instalação de uma<strong>&nbsp;rede de antenas&nbsp;</strong>distribuídas estrategicamente por todo o edifício que permitem a&nbsp;<strong>localização do pessoal.</strong></p>



<p>Os benefícios do sistema de localização em interiores são:</p>



<div class="wp-block-columns is-layout-flex wp-container-core-columns-is-layout-9d6595d7 wp-block-columns-is-layout-flex">
<div class="wp-block-column is-layout-flow wp-block-column-is-layout-flow">
<ul class="wp-block-list"><li>Aumenta significativamente o nível de segurança do pessoal</li></ul>
</div>



<div class="wp-block-column is-layout-flow wp-block-column-is-layout-flow">
<ul class="wp-block-list"><li>Garante, por sua vez, a segurança dos próprios doentes, ao evitar, muitas vezes, os episódios de agressividade antes de ocorrerem.</li></ul>
</div>
</div>



<div class="wp-block-columns is-layout-flex wp-container-core-columns-is-layout-9d6595d7 wp-block-columns-is-layout-flex">
<div class="wp-block-column is-layout-flow wp-block-column-is-layout-flow">
<ul class="wp-block-list"><li>Reduz a perceção de risco no trabalho.</li></ul>
</div>



<div class="wp-block-column is-layout-flow wp-block-column-is-layout-flow">
<ul class="wp-block-list"><li>Evitação de medidas mais severas, como a contenção do doente.</li></ul>
</div>
</div>

<p>Uma Clínica Psiquiátrica de Pamplona, centro privado sem fins de lucro ligado ao atendimento de doentes mentais. Necessidade: Determinadas doenças mentais podem derivar em&nbsp;episódios de agressividade dos&nbsp;doentes para com o pessoal de saúde, sobretudo durante o turno da noite, momento em que aumenta o risco ao reduzirem-se as condições de atendimento do pessoal. Face a &#8230; <a title="Localização em interiores para proteger os trabalhadores em situações de risco." class="read-more" href="https://ibernex.es/en/casos-de-exito/localizacao-em-interiores-para-proteger-os-trabalhadores-em-situacoes-de-risco/" aria-label="Read more about Localização em interiores para proteger os trabalhadores em situações de risco.">Read more</a></p>
